is divided by 32?
28
Let l = 2026 - 1128. Let j = 980 - l. Calculate the remainder when j is divided by 30.
22
Suppose 267*m - 22425 - 34446 = 0. Calculate the remainder when m is divided by 9.
6
Suppose 0 = -71*t + 4683 - 1133. Calculate the remainder when 193 is divided by t.
43
Suppose -17*x + 15*x + 8358 = 4*j, 10450 = 5*j + 2*x. What is the remainder when j is divided by 118?
86
Let f(x) = -x**3 - 24*x**2 + 51*x - 47. Let t be f(-26). Calculate the remainder when 119 is divided by (-1)/(14/t) - (-27)/2.
14
Let t = 0 - -4. Suppose 3*y - 5*y + 135 = 3*k, 4*k + 280 = 4*y. Calculate the remainder when (30/(-45))/((-2)/y) is divided by t.
3
Let c = 3343 - 3141. What is the remainder when c is divided by 16?
10
Suppose 2*y - 79 = 3*f, -96*f + 107*f - 65 = -2*y. What is the remainder when 74 is divided by y?
36
Let t = 137 - 109. Calculate the remainder when (-76)/28 + (-8)/t + 46 is divided by 24.
19
Suppose -42*s + 190 = -4*s. Suppose 2*z - 3*g = 31, -s*g + 3*g + 36 = 2*z. Calculate the remainder when 132 is divided by z.
13
Let u(g) = 10*g + 20. Let n be u(23). Suppose 39*m = 29*m + n. What is the remainder when 59 is divided by m?
9
What is the remainder when 34873 is divided by 34947/99 - 24/1?
328
Let c(u) = 20*u**2 - 286*u + 363. Calculate the remainder when 1169 is divided by c(13).
19
Let g(j) = 112*j + 14. Let c = 325 + -130. What is the remainder when c is divided by g(0)?
13
Let n(i) = -5*i + 19*i - 34 - 15*i. Let h be n(-10). Let m = h + 29. Calculate the remainder when 18 is divided by m.
3
Let b = -36 - -55. Suppose 0 = 3*q - b - 119. Suppose -43*a = -q*a + 285. Calculate the remainder when a is divided by 12.
11
Let i(b) = 3*b**3 - b + 1. Let l(d) = -8*d**3 + 5*d**2 - 22. Let y(g) = 3*i(g) + l(g). What is the remainder when 80 is divided by y(-4)?
8
Suppose -w = 5*v - 8 - 10, -5*v = -15. Suppose -3*r = -w*y + 84, -2*y + 3*r + 115 = 2*y. What is the remainder when 154 is divided by y?
30
Let b be 1*-2 + 1 - (-2 - 6). Let o(f) = -5*f - 9*f - b*f + f - 3. Calculate the remainder when o(-5) is divided by 20.
17
Suppose 3*s + 61 = 7. Let b = s - -23. Suppose -r = b*o - 16, -r + 18 = 2*o + 2. What is the remainder when 62 is divided by r?
14
Calculate the remainder when ((-57)/114)/((-2)/2796) is divided by 76.
15
Let p(m) = 99*m**2 + m + 1. Let l be p(-1). Let t = -143 + 149. Calculate the remainder when (l/6)/(3/t) is divided by 12.
9
Calculate the remainder when 4937 is divided by (11/(-3))/(7/1449*-3) - 6.
244
Let q be (0/(0 - -1))/2. Let b = 3300 - 3287. Suppose q = b*i - 15*i + 66. What is the remainder when i is divided by 9?
6
What is the remainder when ((-28)/112)/(16/(-20992)) is divided by 25?
3
Let u = -4955 + 8043. What is the remainder when u is divided by 91?
85
Suppose 0 = -87*f + 90*f - 12. Suppose -a + 165 = 3*d - f*a, -230 = -4*d - a. Calculate the remainder when 268 is divided by d.
40
Suppose -15*b - 3*k = -14*b - 44, -5*b = k - 164. Calculate the remainder when 1012 is divided by b.
20
Let g = 156 - 42. Suppose 0 = -2*l + x + 28, -4*l + 13 + 29 = 5*x. What is the remainder when g is divided by l?
10
Let i = 192 - 189. Suppose 0 = -j - 2*d - 1 + 29, 0 = -i*j - 5*d + 81. Calculate the remainder when 62 is divided by j.
18
Suppose 29*t - 3734 = -67*t - 86. What is the remainder when 4381 is divided by t?
11
Suppose 0 = -7*a + 20 - 6. Let n be (3369/3)/(a/(-18)). Calculate the remainder when (-4)/(-18) - n/81 is divided by 18.
17
Let z(l) = 2*l**2 - 10*l - 10. Let n be z(8). Suppose 0 = -25*a + 428 + 1397. Suppose 75*o - n = a*o. What is the remainder when o is divided by 7?
5
Let z(u) = 32*u - 67. Let j(k) = 5*k**3 - 2*k**2 - k + 2. Calculate the remainder when z(7) is divided by j(2).
29
Let i = 216 + -212. Let f(z) = z**3 - 4*z**2 + z**2 + 4*z - 11 + 2 - 6. Calculate the remainder when 64 is divided by f(i).
13
Suppose 224 = g - x, -2*g = 23*x - 21*x - 420. Calculate the remainder when 462 is divided by g.
28
Suppose 13*s - 444 = 7*s. Suppose -l - 5*h = -3*l + s, 0 = 5*l - 2*h - 206. Let c = -28 + l. Calculate the remainder when 25 is divided by c.
11
Suppose 0 = -18*y + 36121 - 27913. Calculate the remainder when y is divided by 120.
96
Let z(d) = -8*d + 12. Let u(c) = c + 1. Let b(a) = 10*u(a) + z(a). Let g be b(-5). Suppose -g*h + 859 = -461. What is the remainder when h is divided by 39?
32
Suppose -8 + 14 = 2*p. Let m = 32 - 30. What is the remainder when p is divided by 1/m*-4*-1?
1
Let r(w) = 9*w**2 + 22*w + 84. Calculate the remainder when r(15) is divided by 111.
108
Let i = 299 - 437. Let t = i - -243. Let f = 15 - -21. What is the remainder when t is divided by f?
33
What is the remainder when 289 is divided by 520/65 + 125 + -1?
25
What is the remainder when 6000 is divided by (37 - (-2002)/(-52))*136/(-6)?
16
Suppose 5*f + 2*s - 821 = 0, -67*f + 4*s = -65*f - 290. What is the remainder when f is divided by (-262)/(-8) - (-1)/4?
29
Let y(m) = -2*m**3 - 24*m**2 - 105*m - 5. What is the remainder when y(-5) is divided by 25?
20
Suppose -28503 = -6*a + 4509. What is the remainder when a is divided by 64?
62
Let t(s) = -3*s**2 + s - 2. Let r(g) = 17*g**2 - 48*g + 10. Let c(q) = r(q) + 6*t(q). Let i = 30 + 10. Calculate the remainder when c(-40) is divided by i.
38
Let a(y) = 77*y - 4*y**3 + 51*y**2 + 5*y**3 + 135 - 24*y + 32 + 0. What is the remainder when 66 is divided by a(-50)?
15
Let w = 9 + -2. Let m(l) = -2*l**2 - 17*l - 6. Let p be m(-7). Suppose 22*o - p - 73 = 0. Calculate the remainder when w is divided by o.
3
Suppose 11*k = 20*k - 20826. Suppose k = 8*n + 5*n. What is the remainder when n is divided by 37?
30
Let d = 317 + -315. Calculate the remainder when 106 is divided by ((-62)/(-7))/(d/7).
13
Suppose 5*p + 3*c - 52 = 234, 3*c = -9. Suppose -3*x + 3*b = 9, -5*x - b = 3*b + 42. Calculate the remainder when p is divided by (-20)/x + (-6)/(-9).
3
What is the remainder when 960 is divided by ((-19)/2 - -9)*-1910?
5
Let c(g) = 29*g - 8. Let w(b) = 3*b**2 + 22*b - 22. Calculate the remainder when c(3) is divided by w(-9).
10
Let u(g) = g**2 - 12*g + 119. What is the remainder when u(-16) is divided by 176?
39
Suppose 9058*j = 9051*j + 483. What is the remainder when 491 is divided by j?
8
Suppose -2*n + 6 = -0*n. Suppose 68*v = 66*v + 64. Suppose 4*d + i - v = -i, 4*d - 36 = -4*i. Calculate the remainder when d is divided by n.
1
Let i(a) = 2*a**3 + 4*a**2 + 2*a - 1. Let c be i(-2). Let r(l) = -34*l**3 - 5 - l + l**2 + 32*l**3 - 7*l**2. What is the remainder when r(c) is divided by 17?
15
Let m be (-22662)/(-108) - (-3)/18. Let z = 477 - m. Calculate the remainder when z is divided by 68.
63
Let r = 321 + -210. What is the remainder when r is divided by 138/(15 + -12)*(-6)/(-12)?
19
Calculate the remainder when 102 is divided by (2*(-6)/8)/(20/(-520)).
24
Suppose -u + 4 = -2*d + 72, 5*u = -5*d + 155. Suppose 5*a - p - 86 = 0, 4*a + 3*p - 122 = -38. Calculate the remainder when d is divided by a.
15
Let o(h) = 2*h**2 + 5*h - 47. Let i(q) = q**2 + 4*q - 23. Let m(l) = 9*i(l) - 4*o(l). Let d = -11 + -7. Calculate the remainder when 81 is divided by m(d).
13
Let u(o) be the third derivative of 3*o**4/4 - 35*o**3/3 + 31*o**2. Calculate the remainder when u(12) is divided by 37.
35
Let w = -100 - -189. Suppose 13 = -j - w. What is the remainder when 101 is divided by ((-2)/6)/(1/j)?
33
What is the remainder when 838 is divided by ((-9)/(153/85))/(1/(-43))?
193
Let i(n) = n**2 - 14*n - 11. Let k be i(15). Let f be (76/(-133))/(k/(-14)). Suppose 0 = -f*b + b + 97. Calculate the remainder when b is divided by 20.
17
Suppose 4*s + 5*v = 306 + 1234, -v + 386 = s. Let r = 210 + -187. Calculate the remainder when s is divided by r.
22
Let z(h) = 120*h + 2353. Calculate the remainder when z(31) is divided by 217.
214
Suppose 162 = q + 2*q. Let k(w) = -5*w**3 + 9*w**2 + 4*w - 6. Let l be k(3). Let t = q + l. Calculate the remainder when t is divided by 4.
2
Let t(z) = -z - 3. Let u be t(3). Let w(v) = -v**3 + 35*v**2 + 115*v - 50. Let n be w(38). What is the remainder when 11 is divided by (2/(-8)*n)/(u/(-4))?
1
Suppose 7622 - 98015 = -56*k + 93343. Calculate the remainder when k is divided by 234.
5
Let t(h) = h**3 - h**2 - 7*h - 8. Let a be t(4). Calculate the remainder when 143 is divided by 107/6 + 2/a.